at is -55 + -55437?
-55492
In base 5, what is -24032 - 22223?
-101310
In base 6, what is 304552 - -34?
305030
In base 13, what is -5 - 221395?
-22139a
In base 9, what is -1030073 - 11?
-1030084
In base 13, what is -abb + 12?
-aa9
In base 10, what is 2716 + 494?
3210
In base 15, what is -1e7 - -1a?
-1cc
In base 16, what is b8 - 10d?
-55
In base 5, what is 102102 - 3403?
43144
In base 8, what is -1 + -530300?
-530301
In base 12, what is -1a720 - -31?
-1a6ab
In base 9, what is 575 - -774?
1460
In base 2, what is -1000111011011100010110 - -100?
-1000111011011100010010
In base 15, what is -4 + -1a662?
-1a666
In base 10, what is 587966 + 0?
587966
In base 16, what is 2f72 - -1?
2f73
In base 15, what is -18 - e7a7?
-e7c0
In base 8, what is 4032 + -607?
3223
In base 8, what is 232 + 3113?
3345
In base 12, what is -26 + -130bb?
-13125
In base 16, what is e - 114bc?
-114ae
In base 2, what is -1101001011 + -1100111?
-1110110010
In base 4, what is 3 - 101312210?
-101312201
In base 15, what is -5 + -876?
-87b
In base 7, what is 3 + -344444?
-344441
In base 14, what is 48 - 681?
-637
In base 5, what is 442 - 343?
44
In base 3, what is 121010 - -12112?
210122
In base 15, what is 1e - 706?
-6d7
In base 7, what is 2520 - 145?
2342
In base 12, what is 59 - -2bb0?
3049
In base 3, what is 11 - -22112112101?
22112112112
In base 13, what is 527 + -bb?
439
In base 9, what is 110 - -518?
628
In base 7, what is 6 + -23036?
-23030
In base 8, what is 16252 - -26?
16300
In base 10, what is 32 + 251?
283
In base 15, what is 56b28 - 0?
56b28
In base 15, what is -3 + 3a49?
3a46
In base 10, what is -157118 - 12?
-157130
In base 2, what is 0 + -100001110100001101?
-100001110100001101
In base 12, what is 17 - 90a?
-8b3
In base 16, what is 1 - 332?
-331
In base 5, what is -4 - 2240101?
-2240110
In base 13, what is -3c737 + 4?
-3c733
In base 15, what is -3 - dc22?
-dc25
In base 3, what is -12000 + 100000?
11000
In base 6, what is -330351 - -2?
-330345
In base 10, what is -13 + -68686?
-68699
In base 6, what is -50551 + 222?
-50325
In base 14, what is -4 - -8657?
8653
In base 9, what is -21135 + 0?
-21135
In base 5, what is 32410 - -3021?
40431
In base 11, what is 10 + 4611?
4621
In base 6, what is -1004200 + -14?
-1004214
In base 6, what is 24502 + 125?
25031
In base 14, what is -14da + 35?
-14a5
In base 8, what is 400 + -464?
-64
In base 16, what is 12 + a12?
a24
In base 4, what is -3111 - -313012?
303301
In base 16, what is -4 + -25d?
-261
In base 7, what is 21661 + 10?
22001
In base 6, what is -153 + -303?
-500
In base 9, what is 0 + 1763867?
1763867
In base 13, what is 908c - -24?
90b3
In base 11, what is -50459 + -9?
-50467
In base 12, what is 181 - 11?
170
In base 5, what is 344043 + 3?
344101
In base 7, what is -1010431 + 1?
-1010430
In base 14, what is -4ac8d - -1?
-4ac8c
In base 15, what is 60d + -23?
5da
In base 16, what is -2 - 64042?
-64044
In base 14, what is -131 - -11d2?
10a1
In base 14, what is 3bc2 - 8c?
3b34
In base 8, what is 2 - -61361?
61363
In base 5, what is -12210 - 320?
-13030
In base 6, what is -2144250 - -15?
-2144231
In base 6, what is -12234 - 4?
-12242
In base 2, what is -11 - -101001000?
101000101
In base 8, what is -1 - -20377?
20376
In base 13, what is 1877 + 60?
1907
In base 14, what is -10026 + -1?
-10027
In base 5, what is 101120 - -4?
101124
In base 13, what is 4 - -695a?
6961
In base 4, what is -11103223 - 11?
-11103300
In base 6, what is -1220325 + -2?
-1220331
In base 15, what is 1 - -7c6b7?
7c6b8
In base 16, what is -2 - -4e8b?
4e89
In base 12, what is -2 - -348a?
3488
In base 7, what is 3 + 40500?
40503
In base 4, what is -13120222 - -1?
-13120221
In base 3, what is -102011221121 + 0?
-102011221121
In base 2, what is -10 + -1001101110011011?
-1001101110011101
In base 16, what is -3b + 2f2?
2b7
In base 7, what is 1 + -62324?
-62323
In base 8, what is -13767 - -3?
-13764
In base 5, what is 31423033 - 0?
31423033
In base 13, what is -70 - cb6?
-1056
In base 6, what is 4245 - -35?
4324
In base 14, what is 3 + 1595?
1598
In base 3, what is 100210 + 122200?
1000110
In base 2, what is 100 - 1000011110000111?
-1000011110000011
In base 7, what is 6321 + -6232?
56
In base 14, what is -a + -56c40?
-56c4a
In base 7, what is 2502 + 3154?
5656
In base 15, what is 26 - -1d1e?
1d45
In base 10, what is 1185954 - 1?
1185953
In base 3, what is -1102022 - -100210?
-1001112
In base 13, what is 9312 - -2?
9314
In base 9, what is -145 + -131?
-276
In base 6, what is -45325 + -442?
-50211
In base 13, what is -203 - 259?
-45c
In base 2, what is -1011111110110 - 100100000?
-1100100010110
In base 3, what is 10 + -112011100101?
-112011100021
In base 7, what is 146 + -141?
5
In base 13, what is 0 + -993?
-993
In base 11, what is 5 - -8a42?
8a47
In base 12, what is 756 + 46?
7a0
In base 5, what is 323004 + 1111?
324120
In base 2, what is 11011101 + -11101011111?
-11010000010
In base 2, what is -100 - 1111110111110111010?
-1111110111110111110
In base 13, what is 1324 + -a?
1317
In base 15, what is -11dd + 657?
-a86
In base 15, what is -bea6 - 3?
-bea9
In base 14, what is 48b4 - 15?
489d
In base 16, what is -4 + 9906?
9902
In base 8, what is -7 - 232035?
-232044
In base 14, what is 7 - 516?
-50d
In base 2, what is 100 - -1100010010100011111?
1100010010100100011
In base 6, what is 1211245 - 1?
1211244
In base 10, what is 267 + -130?
137
In base 2, what is -110000110 - 1000110010100?
-1001100011010
In base 2, what is 10 - 1010000110110?
-1010000110100
In base 5, what is -3 + 134334142?
134334134
In base 16, what is 64 - 384?
-320
In base 15, what is -5 - -9550?
954a
In base 15, what is -106d2 - -12?
-106c0
In base 12, what is 66 + 1361?
1407
In base 8, what is 23 - -547?
572
In base 2, what is 10011 - 110101110011?
-110101100000
In base 9, what is -5 - -22722?
22716
In base 6, what is -4 + -13504155?
-13504203
In base 4, what is -1110200 - 3?
-1110203
In base 6, what is 25510 - -1025?
30535
In base 16, what is -452 - -3?
-44f
In base 4, what is 2001210 + 10?
2001220
In base 14, what is 715 + 56d?
c84
In base 15, what is -1eda - -9?
-1ed1
In base 6, what is -5252312 - -2?
-5252310
In base 7, what is -410640 - 12?
-410652
In base 7, what is -135016 + -1?
-135020
In base 11, what is -558387 + -2?
-558389
In base 3, what is 101111111101 - 1?
101111111100
In base 6, what is -553 - -43?
-510
In base 12, what is 2 - 7572?
-7570
In base 15, what is -c5 - -380?
2aa
In base 15, what is -130a2 + -6?
-130a8
In base 5, what is -11333 - -10?
-11323
In base 7, what is -1145 - 1425?
-2603
In base 3, what is 10 + -1112000?
-1111220
In base 7, what is 642662 + 4?
642666
In base 2, what is -1 - 1010001011111000?
-1010001011111001
In base 7, what is 435 - -231?
666
In base 10, what is -1273895 + 0?
-1273895
In base 5, what is -1440004 - 1?
-1440010
In base 11, what is 6027 - -4?
6030
In base 3, what is 200122011 + -10?
200122001
In base 2, what is 101 - 1010111100111011000?
-1010111100111010011
In base 12, what is 139 + 3b62?
409b
In base 4, what is -11303 + 120?
-11123
In base 14, what is -5 + -440a3?
-440a8
In base 11, what is 515 - -78?
592
In base 6, what is 505025 + 3?
505032
In base 3, what is 220021020 + 1001?
220022021
In base 8, what is -2 - -4366716?
4366714
In base 4, what is -111212101 - -23?
-111212012
In base 14, what is 85719 - 3?
85716
In base 8, what is 7 + -15217?
-15210
In base 13, what is 42a2 + -2?
42a0
In base 8, what is 2040345 + 3?
2040350
In base 9, what is 4 + -41664?
-41660
In base 9, what is 111 - 62?
38
In base 13, what is -8b2 + -12?
-8c4
In base 2, what is 101 + -100111111010010?
-100111111001101
In base 2, what is -1011100101010 + -111101?
-1011101100111
In base 16, what is 12e1 - -2b0?
1591
In base 4, what is 210102122 + -1?
210102121
In base 8, what is 24552173 + -3?
24552170
In base 14, what is -36d2 - -2?
-36d0
In base 3, what is -1010201001 - 201?
-1010201202
In base 13, what is 1c - 9669?
-964a
In base 14, what is -5 - 5a29a?
-5a2a1
In base 12, what is -4 + b4b6?
b4b2
In base 4, what is 1112203130 + -11?
1112203113
In base 9, what is -638118 - -5?
-638113
In base 15, what is -5 + 252c5?
252c0
In base 7, what is 5050 + 1216?
6266
In base 4, what is -30100 + -210?
-30310
In base 15, what is 0 - 17b6d?
-17b6d
In base 8, what is -1 + -664553?
-664554
I